ed by 41?
13
Calculate the remainder when 18852791 is divided by 6284247.
50
What is the remainder when 26504013 is divided by 137?
130
What is the remainder when 630921 is divided by 30042?
39
What is the remainder when 48063 is divided by 3378?
771
What is the remainder when 381208 is divided by 6445?
953
What is the remainder when 92787093 is divided by 1435?
1428
What is the remainder when 9940085 is divided by 903644?
1
Calculate the remainder when 15197768 is divided by 1899721.
0
What is the remainder when 14182863 is divided by 249?
72
Calculate the remainder when 158239 is divided by 115.
114
Calculate the remainder when 11487 is divided by 9361.
2126
What is the remainder when 5494426 is divided by 483?
301
What is the remainder when 4605577 is divided by 9304?
97
What is the remainder when 4933034 is divided by 145?
134
Calculate the remainder when 293805 is divided by 131.
103
What is the remainder when 142171 is divided by 47192?
595
Calculate the remainder when 562414 is divided by 186853.
1855
Calculate the remainder when 3159790 is divided by 315.
25
Calculate the remainder when 628077 is divided by 16085.
762
What is the remainder when 12662454 is divided by 75?
54
What is the remainder when 22739 is divided by 10109?
2521
Calculate the remainder when 1186259 is divided by 3457.
508
Calculate the remainder when 59514607 is divided by 228.
223
What is the remainder when 1620 is divided by 808?
4
What is the remainder when 22377986 is divided by 14?
8
Calculate the remainder when 359895 is divided by 478.
439
Calculate the remainder when 879225 is divided by 408.
393
What is the remainder when 10306404 is divided by 51532?
4
Calculate the remainder when 20369 is divided by 2355.
1529
Calculate the remainder when 4497748 is divided by 81.
61
What is the remainder when 27056 is divided by 822?
752
Calculate the remainder when 4047 is divided by 3427.
620
Calculate the remainder when 145098 is divided by 23.
14
What is the remainder when 81212 is divided by 4745?
547
Calculate the remainder when 1017723 is divided by 599.
22
Calculate the remainder when 474493 is divided by 1192.
77
What is the remainder when 1280408 is divided by 426789?
41
What is the remainder when 166236 is divided by 13090?
9156
Calculate the remainder when 239331118 is divided by 24.
22
Calculate the remainder when 492481 is divided by 432.
1
Calculate the remainder when 51872 is divided by 5978.
4048
What is the remainder when 751774 is divided by 20882?
22
Calculate the remainder when 169583 is divided by 284.
35
Calculate the remainder when 925320 is divided by 87.
75
Calculate the remainder when 8159814 is divided by 14.
12
Calculate the remainder when 626863 is divided by 21564.
1507
What is the remainder when 34648 is divided by 11348?
604
Calculate the remainder when 25621567 is divided by 4624.
4607
What is the remainder when 13345652 is divided by 335?
257
What is the remainder when 326432 is divided by 326404?
28
Calculate the remainder when 9698219 is divided by 215.
214
What is the remainder when 2414493 is divided by 7?
4
What is the remainder when 256085 is divided by 20?
5
Calculate the remainder when 124244 is divided by 29.
8
What is the remainder when 184197 is divided by 6804?
489
What is the remainder when 11833604 is divided by 430?
4
What is the remainder when 52153 is divided by 2031?
1378
What is the remainder when 43464988 is divided by 52?
8
Calculate the remainder when 55473221 is divided by 5043019.
12
Calculate the remainder when 211634752 is divided by 9.
4
Calculate the remainder when 175060889 is divided by 3449.
3445
Calculate the remainder when 28260609 is divided by 8040.
9
What is the remainder when 333453397 is divided by 27?
22
What is the remainder when 247322200 is divided by 6?
4
Calculate the remainder when 72335 is divided by 1087.
593
Calculate the remainder when 1271090 is divided by 11.
7
What is the remainder when 7363991 is divided by 16292?
7
Calculate the remainder when 19358042 is divided by 245038.
40
Calculate the remainder when 394576 is divided by 524.
4
What is the remainder when 321394179 is divided by 1955?
1954
Calculate the remainder when 45238 is divided by 21345.
2548
What is the remainder when 1647557895 is divided by 223?
222
Calculate the remainder when 1012962 is divided by 139.
69
What is the remainder when 90068916 is divided by 2905448?
28
What is the remainder when 198654 is divided by 748?
434
What is the remainder when 1542146 is divided by 385535?
6
Calculate the remainder when 36139389 is divided by 64.
61
Calculate the remainder when 11124422 is divided by 9.
8
What is the remainder when 11491191 is divided by 177?
174
Calculate the remainder when 21539299 is divided by 6533.
6531
What is the remainder when 386172 is divided by 128638?
258
What is the remainder when 713783 is divided by 30?
23
Calculate the remainder when 691039 is divided by 2928.
31
Calculate the remainder when 2815793 is divided by 938596.
5
Calculate the remainder when 11023369 is divided by 912.
25
What is the remainder when 67322 is divided by 8439?
8249
Calculate the remainder when 15650962 is divided by 172.
166
Calculate the remainder when 7185013 is divided by 49.
45
What is the remainder when 883734 is divided by 441471?
792
Calculate the remainder when 17085949 is divided by 17.
14
Calculate the remainder when 1022662 is divided by 113601.
253
What is the remainder when 8530719 is divided by 3763?
3761
What is the remainder when 57417 is divided by 1724?
525
What is the remainder when 89990 is divided by 2993?
200
Calculate the remainder when 292117477 is divided by 115.
112
Calculate the remainder when 4725378 is divided by 517.
515
Calculate the remainder when 19411 is divided by 16091.
3320
What is the remainder when 9324538 is divided by 120?
58
What is the remainder when 1449897 is divided by 181236?
9
Calculate the remainder when 42382227 is divided by 882962.
51
What is the remainder when 10585147 is divided by 787?
784
What is the remainder when 777922 is divided by 58?
26
Calculate the remainder when 30380 is divided by 29980.
400
Calculate the remainder when 54754 is divided by 6778.
530
Calculate the remainder when 65007245 is divided by 14.
9
What is the remainder when 27093900 is divided by 1083756?
0
Calculate the remainder when 193396 is divided by 261.
256
Calculate the remainder when 59843161 is divided by 1317.
1315
What is the remainder when 5785962 is divided by 2892886?
190
Calculate the remainder when 434174 is divided by 144696.
86
Calculate the remainder when 879422 is divided by 894.
620
What is the remainder when 139790 is divided by 1247?
126
Calculate the remainder when 11266752 is divided by 579.
570
Calculate the remainder when 4123391 is divided by 3617.
11
What is the remainder when 541720 is divided by 58?
0
What is the remainder when 1343987 is divided by 222?
221
Calculate the remainder when 2656084 is divided by 426.
400
What is the remainder when 98615736 is divided by 25?
11
What is the remainder when 134086 is divided by 26809?
41
What is the remainder when 246247 is divided by 246202?
45
Calculate the remainder when 1690517 is divided by 984.
5
What is the remainder when 44071045 is divided by 24?
13
What is the remainder when 14002642 is divided by 7001309?
24
Calculate the remainder when 183277 is divided by 12718.
5225
What is the remainder when 4514 is divided by 2559?
1955
Calculate the remainder when 1104448 is divided by 5702.
3962
What is the remainder when 20907 is divided by 632?
51
What is the remainder when 32614958 is divided by 51?
50
What is the remainder when 254681 is divided by 3638?
21
Calculate the remainder when 66303 is divided by 6585.
453
What is the remainder when 66689 is divided by 1759?
1606
Calculate the remainder when 1762652 is divided by 7283.
166
What is the remainder when 133936 is divided by 2046?
946
What is the remainder when 151028 is divided by 477?
296
Calculate the remainder when 18694 is divided by 8335.
2024
Calculate the remainder when 1411327 is divided by 7238.
7155
Calculate the remainder when 28679474 is divided by 11.
10
Calculate the remainder when 1593410055 is divided by 2733.
2730
Calculate the remainder when 2